st common divisor of 64192 and 1292.
68
Calculate the greatest common factor of 168 and 177016.
56
What is the highest common factor of 439800 and 72?
24
What is the highest common divisor of 14659 and 1096?
137
What is the highest common divisor of 8492 and 2464?
44
What is the greatest common factor of 348 and 184440?
348
Calculate the highest common factor of 139929 and 93.
3
What is the highest common factor of 456 and 1104?
24
Calculate the highest common divisor of 31382 and 32266.
442
Calculate the greatest common factor of 114 and 6112566.
114
Calculate the highest common factor of 33497 and 1066.
41
Calculate the highest common factor of 445 and 773677.
89
Calculate the highest common factor of 713610 and 60.
30
What is the highest common divisor of 5584 and 112?
16
What is the greatest common divisor of 1793 and 40587?
163
Calculate the highest common factor of 2675 and 210475.
25
Calculate the highest common divisor of 46675 and 225.
25
Calculate the highest common factor of 1456 and 265664.
112
What is the highest common factor of 486 and 2412?
18
What is the highest common divisor of 327121 and 1865?
373
What is the highest common factor of 684 and 1056438?
342
Calculate the greatest common factor of 36120 and 34228.
172
Calculate the highest common divisor of 14841 and 8748.
9
Calculate the greatest common divisor of 297024 and 6048.
672
Calculate the greatest common factor of 7 and 166733.
7
Calculate the highest common divisor of 6426 and 378.
378
Calculate the greatest common divisor of 6 and 24201.
3
Calculate the highest common divisor of 7241 and 39.
13
What is the greatest common divisor of 381 and 286004?
127
What is the highest common divisor of 2596 and 76?
4
What is the greatest common divisor of 1845415 and 29?
29
What is the highest common divisor of 1081161 and 115?
23
Calculate the highest common divisor of 1567462 and 334.
334
Calculate the highest common divisor of 4100 and 29600.
100
Calculate the highest common divisor of 1788 and 96.
12
Calculate the highest common factor of 10438 and 68.
34
What is the greatest common divisor of 153156 and 12?
12
What is the greatest common divisor of 1843 and 61013?
97
Calculate the highest common factor of 1724 and 46.
2
Calculate the highest common divisor of 131649 and 168.
21
What is the highest common factor of 70 and 8060710?
70
Calculate the highest common divisor of 148 and 18260092.
148
Calculate the greatest common divisor of 38445 and 3905.
55
Calculate the greatest common divisor of 41006 and 812.
406
What is the highest common factor of 61 and 1609?
1
What is the greatest common divisor of 51 and 1442127?
51
Calculate the highest common factor of 40166 and 9513.
1057
What is the highest common divisor of 37185 and 58053?
111
What is the greatest common factor of 1721088 and 864?
864
Calculate the highest common factor of 533 and 330829.
41
Calculate the greatest common divisor of 72 and 6772.
4
Calculate the greatest common divisor of 57743 and 565.
113
Calculate the greatest common divisor of 3100 and 3844.
124
Calculate the highest common divisor of 1864245 and 15.
15
Calculate the greatest common factor of 20 and 10639190.
10
Calculate the highest common factor of 165 and 387915.
165
Calculate the highest common divisor of 584 and 1944.
8
What is the greatest common factor of 4587 and 66?
33
Calculate the greatest common divisor of 10090 and 10.
10
What is the greatest common divisor of 115644 and 48?
12
Calculate the greatest common factor of 105 and 74634.
21
What is the highest common divisor of 8 and 958?
2
Calculate the greatest common divisor of 39936 and 468.
156
Calculate the greatest common factor of 223 and 185.
1
What is the greatest common divisor of 28886 and 12441?
143
Calculate the highest common factor of 323570 and 260.
130
Calculate the highest common divisor of 5098 and 70.
2
What is the greatest common factor of 3830 and 1990?
10
What is the highest common factor of 515386 and 2634?
878
What is the greatest common divisor of 894 and 3414?
6
Calculate the greatest common divisor of 785262 and 348.
174
What is the greatest common factor of 18126 and 3498?
318
What is the greatest common divisor of 12087 and 18?
9
What is the greatest common divisor of 1794 and 15042?
138
What is the greatest common divisor of 140467 and 19?
19
Calculate the greatest common divisor of 2769 and 507.
39
Calculate the greatest common divisor of 3920 and 7360.
80
Calculate the highest common factor of 24119 and 85974.
89
Calculate the greatest common factor of 544 and 28373.
17
What is the highest common factor of 4712 and 102796?
124
Calculate the highest common divisor of 9 and 276.
3
Calculate the highest common factor of 32 and 670544.
16
Calculate the greatest common divisor of 33920 and 30.
10
Calculate the highest common divisor of 78 and 20514.
78
Calculate the greatest common factor of 34339 and 46.
23
Calculate the highest common factor of 2047 and 2254.
23
What is the greatest common divisor of 102 and 350183?
17
What is the greatest common factor of 71258 and 2542?
82
Calculate the highest common factor of 32680 and 16.
8
What is the greatest common factor of 1536 and 1032?
24
Calculate the greatest common divisor of 1236 and 1230.
6
Calculate the highest common factor of 21330110 and 10.
10
What is the highest common factor of 593 and 348091?
593
What is the greatest common factor of 1169 and 175?
7
What is the highest common divisor of 5581 and 45?
1
What is the highest common factor of 21 and 18263?
7
Calculate the greatest common factor of 248 and 12431.
31
What is the greatest common factor of 1208 and 618798?
302
What is the greatest common factor of 896 and 11?
1
Calculate the greatest common factor of 24237 and 45.
9
Calculate the highest common divisor of 24153 and 1577.
83
Calculate the highest common divisor of 30 and 2315730.
30
What is the greatest common factor of 97405 and 3335?
115
Calculate the greatest common divisor of 27 and 24237.
9
Calculate the greatest common factor of 62985 and 2535.
195
What is the highest common divisor of 125811 and 396?
9
What is the highest common factor of 4628 and 3536?
52
What is the highest common divisor of 830 and 16570?
10
What is the greatest common divisor of 528 and 517264?
176
What is the greatest common factor of 21857 and 143?
11
Calculate the highest common factor of 7189 and 1911.
91
What is the highest common factor of 7840 and 294?
98
What is the highest common factor of 348 and 370794?
174
Calculate the greatest common divisor of 116103 and 3042.
507
What is the highest common divisor of 411312 and 760?
152
What is the highest common factor of 103 and 512631?
103
Calculate the greatest common factor of 324623 and 13.
13
What is the highest common factor of 53605 and 710?
355
Calculate the greatest common divisor of 987 and 2667.
21
Calculate the greatest common factor of 84 and 15351.
21
What is the greatest common factor of 39 and 43199?
13
What is the greatest common factor of 3120064 and 128?
64
Calculate the highest common factor of 482980 and 5130.
190
Calculate the greatest common divisor of 18 and 55827.
9
What is the greatest common factor of 18505 and 5?
5
Calculate the greatest common divisor of 11300 and 9492.
452
Calculate the greatest common divisor of 500800 and 420.
20
Calculate the greatest common factor of 36 and 772.
4
Calculate the highest common factor of 280 and 338480.
40
Calculate the greatest common factor of 46179 and 105.
21
Calculate the highest common factor of 112 and 674884.
28
What is the highest common divisor of 1546628 and 995?
199
What is the greatest common divisor of 86215 and 559?
43
Calculate the highest common factor of 30 and 57040.
10
Calculate the highest common divisor of 914200 and 70.
70
What is the highest common factor of 260 and 240110?
130
What is the highest common factor of 2233 and 3388?
77
What is the greatest common factor of 321727 and 1558?
779
Calculate the highest common factor of 215638 and 548.
274
Calculate the highest common factor of 451 and 17534.
11
What is the highest common divisor of 35735 and 385?
35
What is the greatest common factor of 1466951 and 4792?
599
Calculate the greatest common factor of 1015 and 10005.